5 + -30 + -5)?
39
Evaluate -750 + 741 + -8 + 8 + -4.
-13
Calculate -1 + 4 + 1 + -8 + 90 + -80.
6
Evaluate (-36 - -2) + 25 + 23 + -26.
-12
What is the value of -4 + 9 + -13 + 6 + -12 + 5?
-9
What is (104 - (67 + 8)) + -118?
-89
Calculate -5 + -1 + 3 + (-16 - -10 - -10) - -101.
102
-7 + 5 + 14 - (-66 + (26 - -80))
-28
What is the value of (48 + -120 - -27) + 4 + 2 + 2 + -2?
-39
What is the value of 0 + -77 - ((-9 + 26 - -5) + -4 - 25)?
-70
-57 - 0 - (-13 + (1 - 3) + (-8 - -25))
-59
Evaluate 4 + -23 + 84 + -42.
23
-10 - 1 - (1 + -28 + -8)
24
-6 + (-39 - -38 - (-1 - -11)) + 57
40
1966 + -1904 - (36 - 0)
26
Calculate 12 + -3 + -15 + -15 - -68.
47
Calculate (-229 - -199) + (-3 - -13) + -6.
-26
What is 35 - (23 - 2 - (-197 - -185) - 16)?
18
What is (7 - (-7 - (11 - 15)) - (41 - 3)) + 6?
-22
-68 - (28 + -24 + 10 + 8 - 22)
-68
What is 57 + (73 - 35 - 66)?
29
2 - (7 + 7) - ((4 + -13 - -12) + 4)
-19
What is (5 - 7) + (-3 - (-5 + -5)) - (14 - -33)?
-42
What is the value of 9 + (-1 - 22 - (23 + -34) - -37)?
34
Calculate 3 + 37 + -1568 + 1488 + (0 - (-1 - -1)).
-40
Calculate -4 - (13 - (15 - 9) - -13).
-24
What is the value of (68 - (89 + -78)) + (0 + 3 + -10 - 0)?
50
Evaluate 31 + 2 - (7 - (20 + -4 + -12)).
30
Calculate -102 - -50 - -41 - -48.
37
Calculate (43 - (59 + -36)) + 13 + 80.
113
-41 - ((-10 - 33) + 32)
-30
What is the value of -56 + (-25 - -1) + (-6 - -10)?
-76
What is 51 + (83 - 241) + (-4 - 41)?
-152
What is -5 + (4 - -74) + 17 + -43 + 36?
83
Evaluate 32 + 5 + 12 + -6 + -11 + -13 + 20.
39
Evaluate -12 + -4 + 4 + 16 + -11 + -40.
-47
What is -40 + -26 - -80 - ((-2 - (-3 - 0)) + -76)?
89
62 + (-1996 + 1969 - (1 + -16 + 2))
48
What is the value of 7 + 25 + (-2 - (17 + -9 + 5))?
17
Evaluate -163 + (3 + 0 + (-5 - -24) - 0).
-141
Calculate -53 + (4 + 1 - (-46 + 54) - 7).
-63
What is the value of 1 - -89 - (-13209 - -13352)?
-53
What is 13 + (2 + -24 - (126 + -140) - 6)?
-1
Evaluate (87 - 81) + (-30 - -24 - (-15 + -1)) + 53.
69
Calculate (-282 - -356) + (-35 - 1) + 33.
71
Calculate 1 - 18 - (-45 + 219 + -166).
-25
Calculate (12 - -4) + 3 + -69 + 43 + -20 + -1.
-28
What is the value of (1 - -57 - 66) + 66?
58
What is -142 - -66 - -15 - -89?
28
What is the value of -17 - (-2 + 1) - (-29 + 75 - 58) - -76?
72
(132 - 106) + (-20 - -2)
8
Calculate -8 + (13 - -13) + (-10 - -14) + -16.
6
What is 45 + -50 + 13 + -21 + 12 + -1?
-2
What is 2 + (-30 + 16 - -26) + -11 - 62?
-59
What is -2 - ((-11 - (5 - -2)) + 6 + -13) - -4?
27
What is the value of (-4 - 0) + 7 - (37 + (-15 - 45))?
26
What is -6 + 6 - (42 + -6) - (8 + 0 - 12)?
-32
What is the value of -6 + 119 + -182 + 32?
-37
What is the value of -3 + 0 + -9 + -15 + (-42 - -69)?
0
Calculate -7 + (-4 - -80) + (191 - 159).
101
What is the value of -44 - (-11 - (2 + -18 + 4 - 1))?
-46
Evaluate (59 - (-14 - (-10 - (17 - 8)))) + -3.
51
Evaluate -40 - (-20 + (50 - 20)) - 1.
-51
Evaluate -8 + (812 - 748) + 14 + 0.
70
Calculate 64 - ((-105 - -273) + -64).
-40
-1192 + 1175 - (-57 + (3 - 0))
37
Calculate ((-8 - (-10 + -7)) + -14 - -6) + -7 + 12.
6
What is the value of -10 - (4 - 1 - (-65 + 2 - -51))?
-25
3 + -20 - (-70 + 3 + -7 + -3)
60
What is -36 + -6 + 11 + 1 - (2 + -4)?
-28
What is the value of 14 + 1 + (0 + (22 - 18) - 14) - 31?
-26
What is the value of (30 - (56 - 26 - 32)) + 92?
124
What is the value of 50 - (36 + -36 - -53)?
-3
Evaluate (0 - (-17 - -24)) + -26 + -1 + -13.
-47
Calculate -16 + 0 + 187 + (-273 - -202).
100
Evaluate (315 + -319 - (-4 + 2 + -15)) + 13.
26
Evaluate 9 - -1 - (-154 + 88 + 51).
25
(2 - 72) + 78 + -20
-12
Evaluate 21 + 3 + 3 - (408 - 392).
11
Evaluate -52 + 7 + -29 + 51.
-23
What is the value of -36 + -7 + 52 + -15 + 0?
-6
Calculate -2 + 14 + -63 + 163 - 14.
98
What is the value of (-22 - (-21 - -12)) + 1 + -32 - (-1 + -1)?
-42
11 - (14 + -4 + -28 + 20 + 4)
5
What is the value of (7 + (-6 - 8) - 7) + (8 - -51)?
45
1 - 2 - -6 - (20 - (13 + 17) - 29)
44
Calculate 0 - (-8 + 20 + (0 - 21)).
9
Evaluate 38 + -21 + 47 - (31 + -55).
88
73 - (13 - (-18 - 1))
41
What is 5 + 76 + 2 + 0 - (58282 + -58285)?
86
What is 4 + 16 + (-3 - (-3 - -19 - 13)) + 13?
27
Calculate -1 + 1 + 3 + (-29 - 1) + -131 + 189.
31
What is -37 + 53 - (18 - 4) - (12 + 41)?
-51
What is the value of -5 + 16 + -19 + (6 - 0) - 40?
-42
Evaluate (1 - 6) + (7 + (-24 - -6) - 41 - -2).
-55
What is -29 - (-176 + -6) - 23 - -8?
138
Calculate 2 + (-33 - 24) + (-6 - -18).
-43
Calculate (-11 + 8 - 13) + 24 + (11 - 16).
3
What is 61 + (3 - -4) + 186 + -221?
33
What is the value of 5 - (-11 - (-13 - (84 - 12)))?
-69
What is the value of (6 - 17) + (7 - 10) + 13 - -15?
14
Evaluate 65 + -92 - (-26 - -86).
-87
Evaluate (-1 + -3 - -5) + -1 + -66 + -10 + 6.
-70
What is the value of -3 + -78 + -3 + 69 + -9 + -67 - -10?
-81
Calculate (-1646 + 1664 - (-39 + 1)) + -9 + 1.
48
3 - (16 + 13 + -39 + 10 + -20)
23
What is the value of (-713 - -728) + (-70 - 6) + 1 + -4?
-64
Calculate -201 - (-7 + -101 + 2).
-95
Calculate -16 - (-74 - (13 + -3 + -9)) - -13.
72
What is -18 + -24 + (-38 - -91)?
11
What is the value of 1 + 63 + (2694 - 2728)?
30
Calculate 2 + (54 - 15 - 20) - -9.
30
Calculate -3 + (-34 - -21 - 33).
-49
What is ((10 - -20) + -3 - 23) + 4 - (3 + -16)?
21
Evaluate -20 + 12 - ((10 - (5 - 3)) + -10).
-6
-4 - (1 + 6 + -18 + 15)
-8
Calculate 20 - (-4 + (81 - -7) + -19).
-45
What is -11 - (-29 + 12 + -45) - (-12 - -4 - 0)?
59
Calculate 14 - (47 + -59) - (4 + -3 + 3 - 0).
22
What is the value of -25 - (-79 + (53 - 13))?
14
Calculate (2 - 1) + -9 - (980 - 975).
-13
What is the value of (43 - -7 - 1 - 6) + 3 + -14 + 16?
48
Evaluate -3 - (2 - -8 - (-236 + 241)).
-8
Evaluate 25 - (14 + 0 + -13 + 9).
15
What is the value of (-191 - -191) + (-27 - 2)?
-29
-38 + 5 + -5 + -29 + 47 + -14
-34
What is (13 - (-10 + (5 - -9))) + 7 + -5 + -22?
-11
What is the value of (17 - (-48 + 16)) + -85 + 12?
-24
What is the value of (6 + -2 - -2) + (21 + 3 - -19)?
49
What is the value of -81 - 1 - (46 + -34 + (-1 - -3) + -8)?
-88
What is the value of -29 - (-20 + -20 + 24 + 6)?
-19
Evaluate -84 + -32 + 110 + 4 + -1.
-3
What is the value of 2 + (422 - 539 - (-4 - (3 + 1) - -1))?
-108
What is 24 - (87 - (17 + (31 - 26)))?
-41
Calculate -18 - (-68 - -5 - (57 + -60)).
42
What is the value of -50 - ((-84 - -29) + -37)?
42
Calculate 33 + (79 - 104) + (33 - (3 + -6)).
44
What is the value of -46 - (4 + -8 + (35 - 52))?
-25
Evaluate 69 + (9 - (18 + -6 - -10)) - 13.
43
-19 + (15 - -23 - (1 + 17))
1
What is -51 + (71 - 27) - 18?
-25
What is the value of 1 + -3 + (3 - 1) + -19 + -61 + 56?
-24
(-33 + 22 - (1 + (0 - 2))) + (28 - -53)
71
Calculate -62 + (61 - -35) + -31.
3
(-21 - 40 - (0 - 30) - -31) + 1 + -13
-12
What is 8 - (32 - -60) - 3?
-87
9 - (-48 - (-7 + 0)) - (2 - -5)
43
Evaluate 72 + -110 + 59 - (20 - -1).
0
-34 - (-11 + ((15 - -5) + 5 - 11) - 9)
-28
Evaluate 32 - -8 - -8 - (9 + 8 + -8).
39
Evaluate (-20 - (-48 - (-23 - -8))) + -17.
-4
Evaluate 85 - (-17 - (89 - 232)).
-41
Evaluate (32 - (27 + 17 + -1)) + (16 - (-2 + 4)).
3
Evaluate 72 - 30 - 55 - (0 - 66).
53
Evaluate 115 + -16 + 28 + -125.
2
What is the value of 210 - (-116 - (-264 - -21))?
83
Evaluate -8 - (-48 + 51 - (0 - -20)).
9
What is -61 + -25 + 136 + -26?
24
-9 - (25 - 26 - 3) - (31 - 1)
-35
Calculate -9 + (9 - (4 - (-14 + 2)) - -19 - 62).
-59
Evaluate -7 + 96 + 20 + (-44 - -6 - -12).
83
Evaluate -25 - (-37 - (-35 + 9)).
-14
Calculate -28 - (13 + -20 + -33).
12
What is the value of (-10 - -5) + 10 - (-159 + 155)?
9
What is -2 + 26 + -62 + 42?
4
Evaluate -155 + 151 - ((3 - -3) + -10 + 5).
-5
Evaluate (1 - -75) + (-6 + 0 - -5) + -55 + 63.
83
Evaluate 30 - (6 + (-10 + -2 - 1) - (-21 - -2)).
18
Evaluate 9 + -6 + -31 + 24 - ((8 - -3) + 33).
-48
What is -41 + (28 - (-15 - (-65 + 19)) - (-2 - -1))?
-43
What is (0 - 0) + 58 - (1396 - 1366)?
28
Calculate -100 + 106 + -60 - -44.
-10
What is (-10 - (-10 + (11 - 5))) + -46?
-52
-280 - -321 - (14 + -5 + 6)
26
What is the value of (-220 - -225 - (0 + (1 - 1))) + 7 + -28?
-16
What is the value of -58 + 10 + (68 - 31) + -13?
-24
Evaluate (0 - 60) + (20 - (5 - (20 - 24))).
-49
Calculate 19 + (15 - (-18 - ((-8 - 159) + 11))).
-104
24 + (-496 - -528 - (3 + -49))
102
Evaluate -11 + -118 + 119 + (-4 - 1) - 6.
-21
What is 0 + (-8 - (27 - 0))?
-35
Evaluate 1 + -27 + -2068 + 2035.
-59
What is t